.
-19
Evaluate 26 + (-43 - -15) + 14 + 1 + 1.
14
Evaluate -33 - (-20 + -13 - -12).
-12
What is -9 + -1 + 14 + 3?
7
Evaluate -20 + (-12 - 2) + (15 - -11).
-8
What is the value of 9 + -2 + 5 + (-36 - -2)?
-22
Calculate -1 + -1 + (9 + 1 - (10 - 7)).
5
Evaluate -48 - (-9 - 15) - -12.
-12
Calculate -7 - (-58 - -25) - 5.
21
9 - 1 - (-439 - -441)
6
-39 - -3 - -36 - ((-1 - 1) + 6)
-4
What is the value of 5 + 1 + 20 + -28 + -1 - -5?
2
What is the value of -7 + 9 + (-4 - (10 - 8)) + -1?
-5
Evaluate -3 - (1 + 6) - -14 - -2.
6
Calculate 3 + -3 + (10 - 16 - -8) + -4.
-2
Calculate (1 + 4 + 5 - (-3 - -13)) + 3.
3
Calculate 46 + -35 - 0 - 19.
-8
What is -30 + 7 - (89 + -118)?
6
What is the value of -14 - -2 - (-259 - -265)?
-18
What is (1 + 1 - (-45 - -46)) + 8?
9
Evaluate 52 - -1 - (-877 - -895).
35
36 - (4 - -3 - 9) - -3
41
What is the value of -10 + -14 + (11 - -7)?
-6
2 + (8 - (-2 + 7))
5
-19 + 5 - -26 - (33 + 1)
-22
Evaluate (5 + 2 - (11 + 2 + -6)) + 7.
7
(0 - -27 - 17) + 16
26
-3 + 3 + 13 + -1 + (2253 - 2260)
5
What is the value of (-1 - -11) + 0 - ((0 - 0) + -1)?
11
Evaluate -3 - (-4 + -26 + 3).
24
Calculate -12 + 20 + -5 - (-10 - -19).
-6
What is (-7 - -2 - 2) + 19 + -15?
-3
What is the value of 15 - (-4 - (-4 + -1))?
14
1 + (-26 - -22) + (16 - -1)
14
(-15 - -14 - 10) + 1 - -35
25
What is the value of 0 - 25 - (9 + 18 + -35)?
-17
(0 - (-11 - (-9 + 13))) + 1
16
Calculate (-37 - (-8 - 17)) + -8.
-20
Evaluate 91 + -106 - (-9 - 1).
-5
(7 - 4) + 3 + -5 - -5 - -32
38
What is the value of -1 + 2 + -8 + 9 - (8 + 0)?
-6
Evaluate -11 + 7 + (-12 - (7 - (10 + 4))).
-9
(20 - 11 - 13) + (3 + 2 - 25)
-24
62 - 31 - 65 - -15
-19
What is (13 - -13) + -21 + 0?
5
Calculate -5 + -14 + (-9 - -23).
-5
What is the value of -2 + 8 + (-11 - (1 + -11))?
5
What is (-15 + 20 - 3) + 8?
10
What is the value of (1 - 2) + -2 + (-23 + 17 - 1)?
-10
Evaluate -18 + (-2 - (-9 - 1)).
-10
(0 - 9) + 1 - (17 - 4 - 3)
-18
16 - ((3 - (-4 - -11 - 2)) + 6)
12
What is the value of 13 + 6 + -6 + -5 + -25?
-17
What is 20 + (5 - 25) - 5?
-5
(-2 - -21 - (5 - 4) - 2) + -5
11
What is (-18 - (-20 - -23)) + 5?
-16
-4 - (-12 + 3 - (-1 - (-3 + -2)))
9
What is the value of 3 + (-7 - 4) + (-2 - 6 - -17)?
1
6 + (-1 - 12) + 2
-5
(1 - -1) + (14 - 7) - -4
13
-13 + 49 - (-5 - -6)
35
What is (178 - 59) + -110 + (11 - (0 - 0))?
20
Calculate -50 - (15 + 18 + -67).
-16
-13 - ((3 - 6) + -1)
-9
Calculate 30 + -5 - (0 - (22 - 7)).
40
What is the value of 2 + 12 - (-52 + 67)?
-1
What is the value of 16 + -33 - -13 - 12?
-16
What is -10 - ((-1 - 4 - (73 - 69)) + 5)?
-6
What is the value of -11 + ((0 - -12 - 9) + -11 - -5)?
-14
Calculate (13 - (8 - -8)) + 10.
7
What is the value of 5 - (-8 + 6 + 2) - (-1 - -11)?
-5
What is the value of -2 + 8 - (-113 - -123)?
-4
(41 - 1) + -6 + -1
33
What is (-21 - -30) + -9 + (12 - 9)?
3
What is the value of 21 + -2 + 3 + (6 - 3) + -9?
16
Calculate (6 - -3 - ((11 - 11) + 7)) + -11.
-9
What is -23 + 36 - (-2 + 17)?
-2
What is 6 - -1 - (101 + -91) - (0 + 3)?
-6
What is (2 - -3) + (-1 - (-3 + 9) - -8)?
6
Evaluate (6 - (-6 - -4)) + 0 - -3.
11
What is the value of (-24 - -16 - -11) + -7?
-4
Calculate (-7 - -8) + 11 + 0.
12
Evaluate 11 - (6 - (6 + 1 + -1) - 4).
15
What is the value of 27 + -32 - (-15 - -4)?
6
What is -7 - (-13 - (-13 - -11 - (-2 - 4)))?
10
3 - (-19 - (-5 + 9 + -11))
15
Evaluate 9 - 0 - (22 - 35 - -21).
1
Evaluate -16 - (-22 - -18) - -10.
-2
What is 1 + (-5 + -7 - -7) + -9?
-13
Calculate -6 - (0 + 4 + -2 + -50 + 57).
-15
What is the value of 1 - 0 - (-16 + 18) - (-12 + 18)?
-7
77 + -101 + 17 + 0
-7
What is (-11 - (-10 + 13 + -1)) + 16?
3
Calculate (27 - 2) + -12 + 11.
24
Evaluate 6 - 21 - (5 + 5 + -10).
-15
Calculate 4 - 18 - (-4 - (-9 + 0)).
-19
What is the value of -28 + 32 - 40 - -20?
-16
What is -24 - (-12 + 11 + -12)?
-11
-1 - (-16 + 6 - (-5 + 20))
24
Evaluate -97 + 112 + (0 - -19 - 2).
32
Evaluate 15 + -17 - (-11 + 2).
7
Evaluate 13 + (-1 - -10 - (-60 + 64)).
18
Evaluate (6 - (0 + 0) - 6) + 1 + 6.
7
1624 + -1598 - (6 - -1 - (-3 + 3))
19
What is (35 - 13) + -38 + -2 + 11?
-7
0 + -1 + 5 + (-3 - -7) + -1
7
26 + -24 + (1 + 1 - 6) - -2
0
What is -5 + (-8 - (-9 + 4 + -12))?
4
What is the value of (-2 + (1 - 9 - -3) - 14) + 2?
-19
(26 + -16 - 17) + 2
-5
What is the value of -3 + 24 + -9 - 0?
12
What is -21 - (-77 - (-42 + 20)) - (8 + 0)?
26
Calculate 9 - (3 + 7 - (-23 - -29)).
5
What is the value of 6 + -16 + 12 - (9 - 10)?
3
What is 21 + (-5 - 37) + (4 - 0) + 3?
-14
Calculate (-41 - -32) + (3 - (7 - 5)).
-8
-6 + -31 + 44 + -12 + 0
-5
What is the value of 5 + -4 - (0 + (6 - 1 - -4))?
-8
Calculate -28 - -25 - (2 - 24 - -2).
17
What is 7 - ((-2 - 4 - (-14 - -1)) + -7)?
7
What is 1 + -17 + 16 + (1 - (-3 + 1))?
3
What is the value of -6 + 0 - ((6 - (-4 - -9)) + 3)?
-10
What is 2 + -15 + -11 + 2?
-22
Calculate (-1 - -4) + 3 + 5 - -6.
17
Calculate (-11 - -16) + 1 - (1 - 0 - -1).
4
What is the value of 0 - -11 - (6 + -6) - (139 + -138)?
10
Evaluate (-5 - (-21 - -15)) + -3.
-2
27 + -7 - (-20 - -28)
12
-33 + 42 + (3 - 24)
-12
Calculate 48 + -39 - (9 - 0).
0
Evaluate 1 + 15 - 9 - (4 - 4).
7
Evaluate 5 - (11 - (-1 + -1 + -6 + 15)).
1
Evaluate (3 + -1 - 5) + -17 + -188 + 196.
-12
19 + ((2 - 9) + 15 - (5 - -2))
20
Calculate -1 - 19 - (-461 + 441).
0
(0 - 21) + -429 + 437
-13
What is the value of (9 - 0) + (8 - (3 + (-10 - -9)))?
15
What is 9 + -4 - 8 - (-7 + -2) - 4?
2
What is 172 + -198 - (-1 - 11)?
-14
Calculate -8 + (15 - (-15 + 20)).
2
Calculate (-1 - 2 - (-10 - (14 - 29))) + 6.
-2
Evaluate -2 + -11 + (134 - 112).
9
Evaluate -6 + -7 + (-7 - 5) + 11.
-14
What is the value of (19 - 28) + 35 - 5?
21
What is 8 - (11 - (5 + 1)) - 2?
1
What is -8 - -3 - (22 + -22 + -7)?
2
What is 91 + -84 + (5 - (6 - -11))?
-5
What is the value of -1 + -6 - (-801 + 822)?
-28
Calculate 1 + (-22 - -11) + -8.
-18
What is 8 + (-5 - (-4 + 1)) - 7 - 3?
-4
Evaluate (104 - 100) + -10 + 1.
-5
Evaluate 19 + -35 - 0 - -26.
10
Calculate -10 + -8 + (1 - -13).
-4
(10 - (32 - 16)) + 5
-1
What is -66 + (-35 - -44) - -41?
-16
What is the value of 18 - (8 - 3 - 8 - -3 - -5)?
13
Calculate -11 + -9 + 22 - -4.
6
Calculate (-22 - -40) + 8 + 0.
26
What is the value of -7 - (-6 - ((7 - (23 + -2)) + 6))?
-9
What is 22 + -1 + (7 + 4 + -19 - -3)?
16
What is the value of 1 + -3 + -2 - (-11 - -14 - 9)?
2
What is (19 - (-1 + -10)) + -16?
14
Evaluate -24 + 13 + (-8 - (-6 - -4)).
-17
What is -1 + 11 - (-10 + 8 + (0 - -2))?
10
Evaluate -1 - 6 - (-7 + (4 - 2)).
-2
What is (-25 - -16 - -17) + 4?
12
11 + -9 + -6 - -15
11
(45 - 31) + 0 + (5 - -11)
30
Evaluate -11 - -8 - ((0 - 0) + -3).
0
Evaluate -14 + (16 + -7 - 10).
-15
What is -14 + (25 - 32 - (-1 - 10))?
-10
Calculate 2 + (7 - -1 - (-12 + 19)).
3
Calculate -38 + 83 + -50 - -1.
-4
(-24 - -54 - -20) + -42
8
Calculate -3 + 1 + (-9 - -11 - (-1 - -1)).
0
Calculate (-3 - (2 + -4 + 24)) + (25 - 18).
-18
25 - 5 - (18 + (-35 - -14))
23
What is -4 - (0 - 11) - (-3 - (15 + -12))?
13
What is 6 + 9 + 2 + (-25 - -1)?
-7
What is the value of -10 + 0 - (3 - (2 - (-6 - 0)))?
-5
Evaluate (-7 + 21 - 13) + -2.
-1
Evaluate (-51 + 30 - (-2 + -1)) + 7.
-11
What is the value of -4 - (0 + -23) - 34?
-15
What is -5 + -5 + (21 - 7) + 1 + -2?
3
What is the value of 24 - ((17 - 18) + 12)?
13
What is 33 - 4 - (183 - 182)?
28
Calculate (-8 - -6) + 7 - (2 - 7).
10
What is the value of 9 + (1 + 0 + 0 - (-402 - -397))?
15
Evaluate -2 + (1 - 0) + (-28 - -27).
-2
Evaluate -28 - (11 + (-6 - 3) + -1) - -9.
-20
-2 - (7 - (7 + 1 + 8))
7
What is the value of -2 - -17 - (15 + -4 + 4 - 12)?
12
What is -3 + (0 - (-3 + -8 + 9))?
-1
Calculate 176 + -169 + (-38 - -2) + -2.
-31
What is -4 - (5 - (-31 + 13) - 14)?
-13
Evaluate (-12 - (-19 + 14) - (-3 - -1)) + 6.
1
(4 - (2 - 2)) + (-23 - -25) + 4
10
Calculate (0 - -7) + (-11 - -29 - 9) + -3.
13
What is the value of -16 + 5 + 11 + -12?
-12
Evaluate -12 - ((-3 - -9) + -20).
2
What is (75 + -89 - -18) + (-2 - 3) + -1?
-2
What is the value of -46 - ((-40 - 1) + -26)?
21
Evaluate 313 + -319 - (-1 + 13 + -2).
-16
What is the value of 2 + -5 - (-9 + 7)?
-1
What is -16 + 28 + -16 - (5 + 1 - -10)?
-20
-10 + -4 + 1 + (7 - 10)
-16
Calculate -15 + 0 + (-149 - -133 - (-18 - 1)).
-12
What is the value of (-4 - 14) + -5 + 17 - -13?
7
Calculate 4 - (-4 + 13 - (-1 - -1)).
-5
(1 - 8) + 7 + 3 + -4
-1
What i